{"id":6,"date":"2021-05-05T11:10:34","date_gmt":"2021-05-05T09:10:34","guid":{"rendered":"https:\/\/www.cosmopoli.info\/?page_id=6"},"modified":"2023-02-15T11:40:09","modified_gmt":"2023-02-15T10:40:09","slug":"chi-siamo","status":"publish","type":"page","link":"https:\/\/www.cosmopoli.info\/index.php\/chi-siamo\/","title":{"rendered":"Chi siamo"},"content":{"rendered":"\t\t<div data-elementor-type=\"wp-page\" data-elementor-id=\"6\" class=\"elementor elementor-6\">\n\t\t\t\t<div class=\"has_eae_slider elementor-element elementor-element-99aacee e-flex e-con-boxed e-con e-parent\" data-id=\"99aacee\" data-element_type=\"container\">\n\t\t\t\t\t<div class=\"e-con-inner\">\n\t\t\t\t<div class=\"elementor-element elementor-element-332b4cc elementor-widget elementor-widget-heading\" data-id=\"332b4cc\" data-element_type=\"widget\" data-widget_type=\"heading.default\">\n\t\t\t\t<div class=\"elementor-widget-container\">\n\t\t\t<style>\/*! elementor - v3.22.0 - 17-06-2024 *\/\n.elementor-heading-title{padding:0;margin:0;line-height:1}.elementor-widget-heading .elementor-heading-title[class*=elementor-size-]>a{color:inherit;font-size:inherit;line-height:inherit}.elementor-widget-heading .elementor-heading-title.elementor-size-small{font-size:15px}.elementor-widget-heading .elementor-heading-title.elementor-size-medium{font-size:19px}.elementor-widget-heading .elementor-heading-title.elementor-size-large{font-size:29px}.elementor-widget-heading .elementor-heading-title.elementor-size-xl{font-size:39px}.elementor-widget-heading .elementor-heading-title.elementor-size-xxl{font-size:59px}<\/style><h1 class=\"elementor-heading-title elementor-size-default\">L'associazione<\/h1>\t\t<\/div>\n\t\t\t\t<\/div>\n\t\t\t\t<div class=\"elementor-element elementor-element-e465d8d elementor-widget elementor-widget-text-editor\" data-id=\"e465d8d\" data-element_type=\"widget\" data-widget_type=\"text-editor.default\">\n\t\t\t\t<div class=\"elementor-widget-container\">\n\t\t\t<style>\/*! elementor - v3.22.0 - 17-06-2024 *\/\n.elementor-widget-text-editor.elementor-drop-cap-view-stacked .elementor-drop-cap{background-color:#69727d;color:#fff}.elementor-widget-text-editor.elementor-drop-cap-view-framed .elementor-drop-cap{color:#69727d;border:3px solid;background-color:transparent}.elementor-widget-text-editor:not(.elementor-drop-cap-view-default) .elementor-drop-cap{margin-top:8px}.elementor-widget-text-editor:not(.elementor-drop-cap-view-default) .elementor-drop-cap-letter{width:1em;height:1em}.elementor-widget-text-editor .elementor-drop-cap{float:left;text-align:center;line-height:1;font-size:50px}.elementor-widget-text-editor .elementor-drop-cap-letter{display:inline-block}<\/style>\t\t\t\t<p>L\u2019Associazione culturale COSMPOPOLI, \u00e8 un organismo di promozione della cultura musicale fondata nel 2013. Fra le attivit\u00e0 realizzate nel corso degli anni molte sono state le collaborazioni con Istituzioni pubbliche (Comuni, Regione Basilicata, ecc.) per le quali l&#8217;Associazione ha ideato e prodotto numerosi format spettacolari, per lo pi\u00f9 incentrati sulla musica ma anche con significative contaminazioni con altri linguaggi dell&#8217;arte, dalla recitazione al cinema, avendo sempre una particolare attenzione alle risorse artistiche pi\u00f9 qualificate del territorio, che sempre sono state coinvolte anche in percorsi formativi.<\/p>\n<p>Ultimamente, in occasione del centenario della morte del grande compositore Ruggero Leoncavallo, uno dei massimi esponenti del verismo musicale, l\u2019associazione Cosmopoli, in collaborazione con l\u2019associazione Leoncavallo, ha promosso una serie di eventi per celebrare il musicista in Basilicata ed in particolare nel capoluogo di della Regione, Potenza, luoghi da lui frequentati e amati e dove trov\u00f2 ispirazione per le sue opere. L&#8217;associazione promuove l&#8217;attivit\u00e0 dell\u2019orchestra filarmonica Federiciana, una compagine attiva da anni sul territorio meridionale, \u00e8 formata dai migliori musicisti selezionati fra le regioni di Basilicata, Puglia e Campania, per un\u2019operazione virtuosa che intende offrire opportunit\u00e0 occupazionali ai tanti giovani talenti formatisi nei conservatori di Stato delle stesse regioni. Inoltre si occupa di produzioni originali e di format artistici che vengono promossi su tutto il territorio nazionale e all&#8217;estero, riscuotendo sempre significativi consensi per qualit\u00e0 artistica e originalit\u00e0 della proposta.<\/p>\t\t\t\t\t\t<\/div>\n\t\t\t\t<\/div>\n\t\t\t\t\t<\/div>\n\t\t\t\t<\/div>\n\t\t<div class=\"has_eae_slider elementor-element elementor-element-94a6a5d e-con-full e-flex e-con e-parent\" data-id=\"94a6a5d\" data-element_type=\"container\" data-settings=\"{&quot;background_background&quot;:&quot;classic&quot;}\">\n\t\t\t\t<\/div>\n\t\t<div class=\"has_eae_slider elementor-element elementor-element-b0462a9 e-flex e-con-boxed e-con e-parent\" data-id=\"b0462a9\" data-element_type=\"container\">\n\t\t\t\t\t<div class=\"e-con-inner\">\n\t\t\t\t<div class=\"elementor-element elementor-element-0578e0c elementor-widget elementor-widget-text-editor\" data-id=\"0578e0c\" data-element_type=\"widget\" data-widget_type=\"text-editor.default\">\n\t\t\t\t<div class=\"elementor-widget-container\">\n\t\t\t\t\t\t\t<p>L&#8217;Associazione \u00e8 riconosciuta nell&#8217;Albo Regionale delle Associazioni di produzione della Regione Basilicata. Il progetto artistico che l\u2019Associazione di consueto realizza per ciascuna annualit\u00e0 viene candidato sia al bando della Regione Basilicata- Piano dello Spettacolo L.R. 3, \u00a0che al MIC \u2013 FUS (Fondo Unico per lo Spettacolo) ricevendo da entrambi contributi per la realizzazione delle attivit\u00e0 programmate. In particolare il progetto \u00e8 incentrato su produzioni musicali particolarmente significative sia per il territorio che per il panorama dello spettacolo dal vivo organizzato su scala nazionale ed internazionale, riuscendo ad intercettare anche l\u2019interesse di importanti strutture organizzative e culturali per lo spettacolo dal vivo anche di altre regioni, per un risultato certamente virtuoso nella capacit\u00e0 di rendere una produzione musicale in grado di posizionarsi sul mercato garantendo standard di alta qualit\u00e0 artistica e affidabili capacit\u00e0 organizzative.<\/p>\n<p>Il progetto si sviluppa in diversi appuntamenti, con particolare attenzione verso la valorizzazione di suggestivi luoghi della Regione, ricchi di storia e di cultura. A partire dallo scorso anno l\u2019associazione \u00e8 stata riconosciuta dal Ministero per la Cultura per la realizzazione del Festival CORTO CIRCUITO, programmato anche per il prossimo triennio, che vede la prestigiosa direzione artistica del dott. Stefano Valanzuolo. Il programma del festival punta a conciliare la presenza di artisti di fama assodata con altri emergenti di verificato talento, avendo come filo conduttore il confronto fra la musica antica e la contemporanea e si articola in non meno di 15 appuntamenti nell\u2019arco di un bimestre.<\/p>\t\t\t\t\t\t<\/div>\n\t\t\t\t<\/div>\n\t\t\t\t\t<\/div>\n\t\t\t\t<\/div>\n\t\t<div class=\"has_eae_slider elementor-element elementor-element-4776e1a e-con-full elementor-hidden-tablet elementor-hidden-mobile e-flex e-con e-parent\" data-id=\"4776e1a\" data-element_type=\"container\" data-settings=\"{&quot;background_background&quot;:&quot;classic&quot;}\">\n\t\t\t\t<\/div>\n\t\t\t\t<\/div>\n\t\t","protected":false},"excerpt":{"rendered":"<p>L&#8217;associazione L\u2019Associazione culturale COSMPOPOLI, \u00e8 un organismo di promozione della cultura musicale fondata nel 2013. Fra le attivit\u00e0 realizzate nel corso degli anni molte sono state le collaborazioni con Istituzioni pubbliche (Comuni, Regione Basilicata, ecc.) per le quali l&#8217;Associazione ha ideato e prodotto numerosi format spettacolari, per lo pi\u00f9 incentrati sulla musica ma anche con [&hellip;]<\/p>\n","protected":false},"author":1,"featured_media":0,"parent":0,"menu_order":0,"comment_status":"closed","ping_status":"closed","template":"elementor_header_footer","meta":[],"_links":{"self":[{"href":"https:\/\/www.cosmopoli.info\/index.php\/wp-json\/wp\/v2\/pages\/6"}],"collection":[{"href":"https:\/\/www.cosmopoli.info\/index.php\/wp-json\/wp\/v2\/pages"}],"about":[{"href":"https:\/\/www.cosmopoli.info\/index.php\/wp-json\/wp\/v2\/types\/page"}],"author":[{"embeddable":true,"href":"https:\/\/www.cosmopoli.info\/index.php\/wp-json\/wp\/v2\/users\/1"}],"replies":[{"embeddable":true,"href":"https:\/\/www.cosmopoli.info\/index.php\/wp-json\/wp\/v2\/comments?post=6"}],"version-history":[{"count":11,"href":"https:\/\/www.cosmopoli.info\/index.php\/wp-json\/wp\/v2\/pages\/6\/revisions"}],"predecessor-version":[{"id":412,"href":"https:\/\/www.cosmopoli.info\/index.php\/wp-json\/wp\/v2\/pages\/6\/revisions\/412"}],"wp:attachment":[{"href":"https:\/\/www.cosmopoli.info\/index.php\/wp-json\/wp\/v2\/media?parent=6"}],"curies":[{"name":"wp","href":"https:\/\/api.w.org\/{rel}","templated":true}]}}